{"id":287,"date":"2015-10-13T17:09:56","date_gmt":"2015-10-13T17:09:56","guid":{"rendered":"http:\/\/sksmultimedia.com\/new\/?page_id=287"},"modified":"2015-10-13T18:38:23","modified_gmt":"2015-10-13T18:38:23","slug":"our-works","status":"publish","type":"page","link":"https:\/\/sksmultimedia.com\/new\/our-works\/","title":{"rendered":"Our Works"},"content":{"rendered":"<h4><strong>Click on a brand to show its corresponding works. <\/strong><\/h4>\n<p style=\"text-align: right;\"> <a href=\"http:\/\/sksmultimedia.com\/new\/our-works-all\/\"><strong>SHOW ALL WORKS<\/strong><\/a>\n<\/p>\n<div id=\"client-array\">\n<article class=\"client-item four alpha columns\"><a href=\"http:\/\/sksmultimedia.com\/new\/work\/noor-oil\/\"><img data-recalc-dims=\"1\" height=\"179\" width=\"300\" decoding=\"async\" loading=\"lazy\" class=\"scale-with-grid client-thumb wp-post-image\" src=\"https:\/\/i0.wp.com\/sksmultimedia.com\/new\/wp-content\/uploads\/2015\/09\/noor-crop-300x179.jpg?resize=300%2C179\" alt=\"noor-crop\" \/><span class=\"client-name\">Noor Oil<\/span><\/a><\/article>\n<article class=\"client-item four alpha columns\"><img data-recalc-dims=\"1\" height=\"179\" width=\"300\" decoding=\"async\" loading=\"lazy\" class=\"scale-with-grid client-thumb wp-post-image\" src=\"https:\/\/i0.wp.com\/sksmultimedia.com\/new\/wp-content\/uploads\/2015\/09\/chocomilo-crop.fw_-300x179.png?resize=300%2C179\" alt=\"chocomilo-crop.fw\" \/><span class=\"client-name\">Nestl\u00e9 Chocomilo<\/span><\/article>\n<article class=\"client-item four alpha columns\"><img data-recalc-dims=\"1\" height=\"179\" width=\"300\" decoding=\"async\" loading=\"lazy\" class=\"scale-with-grid client-thumb wp-post-image\" src=\"https:\/\/i0.wp.com\/sksmultimedia.com\/new\/wp-content\/uploads\/2015\/09\/pepsodent_crop-300x179.jpg?resize=300%2C179\" alt=\"pepsodent_crop\" \/><span class=\"client-name\">Unilever Pepsodent<\/span><\/article>\n<article class=\"client-item four alpha columns\"><img data-recalc-dims=\"1\" height=\"179\" width=\"300\" decoding=\"async\" loading=\"lazy\" class=\"scale-with-grid client-thumb wp-post-image\" src=\"https:\/\/i0.wp.com\/sksmultimedia.com\/new\/wp-content\/uploads\/2015\/09\/indomie-crop.fw_-300x179.png?resize=300%2C179\" alt=\"indomie-crop.fw\" \/><span class=\"client-name\">Indomie Instant Noodles<\/span><\/a><\/article>\n<article class=\"client-item four alpha columns\"><img data-recalc-dims=\"1\" height=\"179\" width=\"300\" decoding=\"async\" loading=\"lazy\" class=\"scale-with-grid client-thumb wp-post-image\" src=\"https:\/\/i0.wp.com\/sksmultimedia.com\/new\/wp-content\/uploads\/2015\/09\/milo_new-300x179.jpg?resize=300%2C179\" alt=\"milo_new\" \/><span class=\"client-name\">Nestl\u00e9 Milo<\/span><\/article>\n<article class=\"client-item four alpha columns\"><a href=\"http:\/\/sksmultimedia.com\/new\/work\/healthy-kids-innaugration\/\"><img data-recalc-dims=\"1\" height=\"179\" width=\"300\" decoding=\"async\" loading=\"lazy\" class=\"scale-with-grid client-thumb wp-post-image\" src=\"https:\/\/i0.wp.com\/sksmultimedia.com\/new\/wp-content\/uploads\/2015\/09\/nestle-healthy-crop-300x179.jpg?resize=300%2C179\" alt=\"nestle-healthy-crop\" \/><span class=\"client-name\">Nestl\u00e9 Healthy Kids<\/span><\/a><\/article>\n<article class=\"client-item four alpha columns\"><a href=\"http:\/\/sksmultimedia.com\/new\/work\/nido-lanch\/\"><img data-recalc-dims=\"1\" height=\"179\" width=\"300\" decoding=\"async\" loading=\"lazy\" class=\"scale-with-grid client-thumb wp-post-image\" src=\"https:\/\/i0.wp.com\/sksmultimedia.com\/new\/wp-content\/uploads\/2015\/09\/nido.fw_-300x179.png?resize=300%2C179\" alt=\"nido.fw\" \/><span class=\"client-name\">Nestl\u00e9 Nido<\/span><\/a><\/article>\n<article class=\"client-item four alpha columns\"><a href=\"http:\/\/sksmultimedia.com\/new\/work\/odebrecht-corporate-event\/\"><img data-recalc-dims=\"1\" height=\"179\" width=\"300\" decoding=\"async\" loading=\"lazy\" class=\"scale-with-grid client-thumb wp-post-image\" src=\"https:\/\/i0.wp.com\/sksmultimedia.com\/new\/wp-content\/uploads\/2015\/09\/oo.fw_-300x179.png?resize=300%2C179\" alt=\"oo.fw\" \/><span class=\"client-name\">Odebrecht<\/span><\/a><\/article>\n<article class=\"client-item four alpha columns\"><a href=\"https:\/\/i0.wp.com\/sksmultimedia.com\/new\/wp-content\/uploads\/2015\/10\/blueband.jpg\" rel=\"fancybox[287]\"><img data-recalc-dims=\"1\" height=\"179\" width=\"300\" decoding=\"async\" loading=\"lazy\" src=\"https:\/\/i0.wp.com\/sksmultimedia.com\/new\/wp-content\/uploads\/2015\/10\/blueband-300x179.jpg?resize=300%2C179\" alt=\"blueband\" class=\"client-item four alpha columns\" \/><\/a><span class=\"client-name\">Unilever Blue Band<\/span><\/article>\n<article class=\"client-item four alpha columns\"><img data-recalc-dims=\"1\" height=\"179\" width=\"300\" decoding=\"async\" loading=\"lazy\" class=\"scale-with-grid client-thumb wp-post-image\" src=\"https:\/\/i0.wp.com\/sksmultimedia.com\/new\/wp-content\/uploads\/2015\/10\/closeup-300x179.jpg?resize=300%2C179\" alt=\"closeup\" \/><span class=\"client-name\">Unilever CloseUp<\/span><\/article>\n<article class=\"client-item four alpha columns\"><img data-recalc-dims=\"1\" height=\"179\" width=\"300\" decoding=\"async\" loading=\"lazy\" class=\"scale-with-grid client-thumb wp-post-image\" src=\"https:\/\/i0.wp.com\/sksmultimedia.com\/new\/wp-content\/uploads\/2015\/10\/omo-300x179.jpg?resize=300%2C179\" alt=\"omo\" \/><span class=\"client-name\">Unilever Omo<\/span><\/article>\n<\/div>\n","protected":false},"excerpt":{"rendered":"<p>Click on a brand to show its corresponding works. SHOW ALL WORKS Noor Oil Nestl\u00e9 Chocomilo Unilever Pepsodent Indomie Instant Noodles Nestl\u00e9 Milo Nestl\u00e9 Healthy Kids Nestl\u00e9 Nido Odebrecht Unilever Blue Band Unilever CloseUp Unilever[&#8230;]<\/p>\n","protected":false},"author":1,"featured_media":0,"parent":0,"menu_order":0,"comment_status":"closed","ping_status":"closed","template":"template-page-fullwidth.php","meta":{"nf_dc_page":"","footnotes":""},"class_list":["post-287","page","type-page","status-publish","hentry"],"yoast_head":"<!-- This site is optimized with the Yoast SEO plugin v26.9 - https:\/\/yoast.com\/product\/yoast-seo-wordpress\/ -->\n<title>Our Works - SKS Multimedia<\/title>\n<meta name=\"description\" content=\"We add outstanding value to your brands, through innovation and concept building from product Launches, Sampling, Awards ceremonies; Conferences, Road shows\" \/>\n<meta name=\"robots\" content=\"index, follow, max-snippet:-1, max-image-preview:large, max-video-preview:-1\" \/>\n<link rel=\"canonical\" href=\"https:\/\/sksmultimedia.com\/new\/our-works\/\" \/>\n<meta property=\"og:locale\" content=\"en_US\" \/>\n<meta property=\"og:type\" content=\"article\" \/>\n<meta property=\"og:title\" content=\"Our Works - SKS Multimedia\" \/>\n<meta property=\"og:description\" content=\"We add outstanding value to your brands, through innovation and concept building from product Launches, Sampling, Awards ceremonies; Conferences, Road shows\" \/>\n<meta property=\"og:url\" content=\"https:\/\/sksmultimedia.com\/new\/our-works\/\" \/>\n<meta property=\"og:site_name\" content=\"SKS Multimedia\" \/>\n<meta property=\"article:publisher\" content=\"https:\/\/www.facebook.com\/sksmultimedia\" \/>\n<meta property=\"article:modified_time\" content=\"2015-10-13T18:38:23+00:00\" \/>\n<meta property=\"og:image\" content=\"http:\/\/sksmultimedia.com\/new\/wp-content\/uploads\/2015\/09\/noor-crop-300x179.jpg\" \/>\n<meta name=\"twitter:card\" content=\"summary_large_image\" \/>\n<meta name=\"twitter:site\" content=\"@SKSMultimedia\" \/>\n<script type=\"application\/ld+json\" class=\"yoast-schema-graph\">{\"@context\":\"https:\/\/schema.org\",\"@graph\":[{\"@type\":\"WebPage\",\"@id\":\"https:\/\/sksmultimedia.com\/new\/our-works\/\",\"url\":\"https:\/\/sksmultimedia.com\/new\/our-works\/\",\"name\":\"Our Works - SKS Multimedia\",\"isPartOf\":{\"@id\":\"https:\/\/sksmultimedia.com\/new\/#website\"},\"primaryImageOfPage\":{\"@id\":\"https:\/\/sksmultimedia.com\/new\/our-works\/#primaryimage\"},\"image\":{\"@id\":\"https:\/\/sksmultimedia.com\/new\/our-works\/#primaryimage\"},\"thumbnailUrl\":\"http:\/\/sksmultimedia.com\/new\/wp-content\/uploads\/2015\/09\/noor-crop-300x179.jpg\",\"datePublished\":\"2015-10-13T17:09:56+00:00\",\"dateModified\":\"2015-10-13T18:38:23+00:00\",\"description\":\"We add outstanding value to your brands, through innovation and concept building from product Launches, Sampling, Awards ceremonies; Conferences, Road shows\",\"inLanguage\":\"en-US\",\"potentialAction\":[{\"@type\":\"ReadAction\",\"target\":[\"https:\/\/sksmultimedia.com\/new\/our-works\/\"]}]},{\"@type\":\"ImageObject\",\"inLanguage\":\"en-US\",\"@id\":\"https:\/\/sksmultimedia.com\/new\/our-works\/#primaryimage\",\"url\":\"http:\/\/sksmultimedia.com\/new\/wp-content\/uploads\/2015\/09\/noor-crop-300x179.jpg\",\"contentUrl\":\"http:\/\/sksmultimedia.com\/new\/wp-content\/uploads\/2015\/09\/noor-crop-300x179.jpg\"},{\"@type\":\"WebSite\",\"@id\":\"https:\/\/sksmultimedia.com\/new\/#website\",\"url\":\"https:\/\/sksmultimedia.com\/new\/\",\"name\":\"SKS Multimedia\",\"description\":\"\",\"potentialAction\":[{\"@type\":\"SearchAction\",\"target\":{\"@type\":\"EntryPoint\",\"urlTemplate\":\"https:\/\/sksmultimedia.com\/new\/?s={search_term_string}\"},\"query-input\":{\"@type\":\"PropertyValueSpecification\",\"valueRequired\":true,\"valueName\":\"search_term_string\"}}],\"inLanguage\":\"en-US\"}]}<\/script>\n<!-- \/ Yoast SEO plugin. -->","yoast_head_json":{"title":"Our Works - SKS Multimedia","description":"We add outstanding value to your brands, through innovation and concept building from product Launches, Sampling, Awards ceremonies; Conferences, Road shows","robots":{"index":"index","follow":"follow","max-snippet":"max-snippet:-1","max-image-preview":"max-image-preview:large","max-video-preview":"max-video-preview:-1"},"canonical":"https:\/\/sksmultimedia.com\/new\/our-works\/","og_locale":"en_US","og_type":"article","og_title":"Our Works - SKS Multimedia","og_description":"We add outstanding value to your brands, through innovation and concept building from product Launches, Sampling, Awards ceremonies; Conferences, Road shows","og_url":"https:\/\/sksmultimedia.com\/new\/our-works\/","og_site_name":"SKS Multimedia","article_publisher":"https:\/\/www.facebook.com\/sksmultimedia","article_modified_time":"2015-10-13T18:38:23+00:00","og_image":[{"url":"http:\/\/sksmultimedia.com\/new\/wp-content\/uploads\/2015\/09\/noor-crop-300x179.jpg","type":"","width":"","height":""}],"twitter_card":"summary_large_image","twitter_site":"@SKSMultimedia","schema":{"@context":"https:\/\/schema.org","@graph":[{"@type":"WebPage","@id":"https:\/\/sksmultimedia.com\/new\/our-works\/","url":"https:\/\/sksmultimedia.com\/new\/our-works\/","name":"Our Works - SKS Multimedia","isPartOf":{"@id":"https:\/\/sksmultimedia.com\/new\/#website"},"primaryImageOfPage":{"@id":"https:\/\/sksmultimedia.com\/new\/our-works\/#primaryimage"},"image":{"@id":"https:\/\/sksmultimedia.com\/new\/our-works\/#primaryimage"},"thumbnailUrl":"http:\/\/sksmultimedia.com\/new\/wp-content\/uploads\/2015\/09\/noor-crop-300x179.jpg","datePublished":"2015-10-13T17:09:56+00:00","dateModified":"2015-10-13T18:38:23+00:00","description":"We add outstanding value to your brands, through innovation and concept building from product Launches, Sampling, Awards ceremonies; Conferences, Road shows","inLanguage":"en-US","potentialAction":[{"@type":"ReadAction","target":["https:\/\/sksmultimedia.com\/new\/our-works\/"]}]},{"@type":"ImageObject","inLanguage":"en-US","@id":"https:\/\/sksmultimedia.com\/new\/our-works\/#primaryimage","url":"http:\/\/sksmultimedia.com\/new\/wp-content\/uploads\/2015\/09\/noor-crop-300x179.jpg","contentUrl":"http:\/\/sksmultimedia.com\/new\/wp-content\/uploads\/2015\/09\/noor-crop-300x179.jpg"},{"@type":"WebSite","@id":"https:\/\/sksmultimedia.com\/new\/#website","url":"https:\/\/sksmultimedia.com\/new\/","name":"SKS Multimedia","description":"","potentialAction":[{"@type":"SearchAction","target":{"@type":"EntryPoint","urlTemplate":"https:\/\/sksmultimedia.com\/new\/?s={search_term_string}"},"query-input":{"@type":"PropertyValueSpecification","valueRequired":true,"valueName":"search_term_string"}}],"inLanguage":"en-US"}]}},"jetpack_sharing_enabled":true,"_links":{"self":[{"href":"https:\/\/sksmultimedia.com\/new\/wp-json\/wp\/v2\/pages\/287","targetHints":{"allow":["GET"]}}],"collection":[{"href":"https:\/\/sksmultimedia.com\/new\/wp-json\/wp\/v2\/pages"}],"about":[{"href":"https:\/\/sksmultimedia.com\/new\/wp-json\/wp\/v2\/types\/page"}],"author":[{"embeddable":true,"href":"https:\/\/sksmultimedia.com\/new\/wp-json\/wp\/v2\/users\/1"}],"replies":[{"embeddable":true,"href":"https:\/\/sksmultimedia.com\/new\/wp-json\/wp\/v2\/comments?post=287"}],"version-history":[{"count":76,"href":"https:\/\/sksmultimedia.com\/new\/wp-json\/wp\/v2\/pages\/287\/revisions"}],"predecessor-version":[{"id":375,"href":"https:\/\/sksmultimedia.com\/new\/wp-json\/wp\/v2\/pages\/287\/revisions\/375"}],"wp:attachment":[{"href":"https:\/\/sksmultimedia.com\/new\/wp-json\/wp\/v2\/media?parent=287"}],"curies":[{"name":"wp","href":"https:\/\/api.w.org\/{rel}","templated":true}]}}